*k + 4*u. Suppose 0 = -7*r + 3*r + 40. Suppose -54 = -k*f + 2*a, -3*a - 5 = r. What are the prime factors of f?
11
Let l be 778/12 - (-1)/6. Suppose 3*r - l = 8*r. Let v = -2 - r. What are the prime factors of v?
11
Let c(h) = -h - 19. Let y be c(0). Let b = y + 30. List the prime factors of b.
11
Let b = -9 + 17. Suppose 2*r - 41 = 17. Suppose -5*v = 4*u + b, 4*u - 5*v - r = u. List the prime factors of u.
3
Let a(z) = -z - 3. Let n = -1 - 6. List the prime factors of a(n).
2
Let m = -243 + 551. List the prime factors of m.
2, 7, 11
Suppose -6*s + s = 25. Let m(j) = j**3 + 4*j**2 - 4*j + 7. Let y be m(s). Suppose 5*d - y*d - 21 = 0. What are the prime factors of d?
7
List the prime factors of ((-9)/6*2)/(-1).
3
Let u be 3*-2 + -1 + 1. Let v = 12 + u. What are the prime factors of v?
2, 3
Let t(u) = u**2 - u + 6. Suppose 0*q + 16 = 4*q. What are the prime factors of t(q)?
2, 3
Let t(i) = 26*i + 64. List the prime factors of t(9).
2, 149
Suppose -5*f - 15 = -0*f. Let m be ((-6)/6)/((-1)/f). Let r = 6 - m. What are the prime factors of r?
3
Suppose 0 = -q + 139 - 22. What are the prime factors of q?
3, 13
Suppose y - 3*j - 84 = 0, 0*y = -3*y + 4*j + 237. List the prime factors of y.
3, 5
Suppose 3*k - 243 = -0*k. What are the prime factors of k?
3
Suppose 2*b + 3*r - 1 = 0, -b - 2*r - 1 = r. Suppose 2*n + 4 = 4*w, 20 = 3*w + b*w + 5*n. Suppose 0*z + 24 = w*z. List the prime factors of z.
2, 3
Let u be 0*3/(-9) + 0. Suppose u = -4*l - 2 + 182. List the prime factors of l.
3, 5
Let a(b) = b - 6. Let d be a(6). Suppose d = -3*x + 4*u + 95, -u - 8 = 3*u. What are the prime factors of x?
29
Suppose -3*y = -5*y + 70. List the prime factors of y.
5, 7
Suppose 3*t = t. Suppose -4*u + 5*s + 32 = t, -3*u = -s + 3*s - 47. What are the prime factors of u?
13
Suppose 0 = -3*g + 5*g + 42. Let c = 43 + g. List the prime factors of c.
2, 11
Let w = -15 - -3. List the prime factors of 27 + 3/(9/w).
23
Suppose -a + 5*n - 1 + 2 = 0, -4*n + 16 = -5*a. Let j(m) = 4 - 5 + 4*m**2 + m**3 - 4*m - 2. What are the prime factors of j(a)?
13
Suppose -4*b + 3*q + 651 = 0, -3*q + 9 = -0*q. List the prime factors of b.
3, 5, 11
Suppose 0 = 4*g - u + 7 - 49, u - 2 = 0. List the prime factors of g.
11
Suppose -2*n + 40 - 10 = 0. Let o = n + -6. What are the prime factors of o?
3
Let h(p) = 13*p - 2. List the prime factors of h(3).
37
Let t(g) = g**2 - 8*g - 7. Let r be t(9). Let s(y) = y**r + 3 - 4*y - y - 5. What are the prime factors of s(6)?
2
Let f(i) = i**2 + 2*i + 2. Suppose -2*h = -5*h - 9. List the prime factors of f(h).
5
Let z(b) = 6*b - 13. What are the prime factors of z(3)?
5
Let s be 5*2*(-1 + 2). Suppose 3*g - g - 52 = 0. Suppose s - g = -4*q. List the prime factors of q.
2
Let r(f) = -f + 13. Let c be r(9). List the prime factors of (-22)/(0 + (2 - c)).
11
Let j = 56 + -34. List the prime factors of (2 + -1)*(j - -4).
2, 13
Let o(x) = -x**3 - x**2 + x - 5. What are the prime factors of o(-4)?
3, 13
Suppose -r - 3 = -2*r. Let f = r + 11. List the prime factors of f.
2, 7
Suppose -3*o - 12 = -h, -h + 4*o + 2 + 8 = 0. Suppose -3*m + 12 + h = 0. List the prime factors of m.
2, 5
Let p(q) = 4*q**2 + 2 + 3 - 2 - 5. What are the prime factors of p(3)?
2, 17
List the prime factors of (126/(-8))/((-6)/16).
2, 3, 7
Let g be 0 + -2 - (2 + -7). Let q = 3 - g. Suppose 2*n = -y - n - 1, q = 5*y + n - 51. What are the prime factors of y?
11
Let c(t) = -t**3 + 6*t**2 + 4*t + 4. Let y(i) = -i**2 + 5*i + 6. Let w be y(5). What are the prime factors of c(w)?
2, 7
Let c be -3*(-3 + (-4)/(-6)). Let z = -5 + c. List the prime factors of 2/1*11/z.
11
Suppose 0 = -4*l - 16, -7*l + 2*l - 20 = -3*g. Suppose 4*v + g = 4. What are the prime factors of -2*(8/v)/(-2)?
2
Suppose 4*a - a - 1403 = -4*g, -1754 = -5*g - 4*a. List the prime factors of g.
2, 5, 7
Suppose -4*m - 146 = -2*d, -4*d + 178 = -0*m - 5*m. Let z = m + 55. What are the prime factors of z?
17
Let g = 18 - 13. Suppose -3*s + 8*s = 30. Suppose -g*a + 39 = -s. What are the prime factors of a?
3
Suppose -12*j + 324 = -9*j. What are the prime factors of j?
2, 3
Let l = -96 + 175. What are the prime factors of l?
79
Suppose 3*q = 2*d - 1, -q + 2 = q. Suppose 0 = 3*l, -n - d*l + 15 = -0*l. What are the prime factors of n?
3, 5
Let v be 5/15*(2 + 28). List the prime factors of 195/v + (-2)/4.
19
Let c be (-21)/(-3) + 0/(-4). Suppose -2*d - 75 = -c*d. What are the prime factors of d?
3, 5
Suppose -61 + 1511 = 10*a. What are the prime factors of a?
5, 29
Let j(c) = -c**2 + 4. Let f be j(-4). Let t = f + 28. Suppose x + x = t. List the prime factors of x.
2
Suppose -4*r - 6 = 6, 2*c + 3*r = 15. What are the prime factors of c?
2, 3
Let l(n) = -2*n + 1. Let y be l(1). Let j(o) = 8*o + 104. Let s be j(-14). Let b = y - s. What are the prime factors of b?
7
Let x = -3 + -12. Let h = 4 - x. List the prime factors of h.
19
Let h = 2 - 2. Let v = h - -2. Suppose 4*z + 20 = v*n, z - 9 = 4*z. What are the prime factors of n?
2
Let s(f) = -10*f. What are the prime factors of s(-4)?
2, 5
Let n(w) = w**2 + 7*w + 3. Let i be n(-7). Suppose -5*a + 9 + 160 = -4*q, q - 98 = -i*a. List the prime factors of a.
3, 11
List the prime factors of 484/2 + -15*9/(-45).
5, 7
Suppose -b - 4*f - 12 = 3*b, -3*f - 23 = -4*b. Suppose 0 - b = q. What are the prime factors of 10 + 0/(q + 0)?
2, 5
Let s be 0/((-5)/((-15)/(-6))). Suppose 2*n + 0*n - 14 = s. What are the prime factors of n?
7
Let b = 244 - -73. What are the prime factors of b?
317
Let j = -25 - -41. Suppose 0 = -s - 3*s + j. List the prime factors of s.
2
Suppose -2*a = -x + 4, -3*a - 9 = x + 2. Suppose 5*b - 3*j + 0*j - 11 = 0, -5*j + 23 = 2*b. Let v = b + x. List the prime factors of v.
2
Let h(t) be the second derivative of -t**5/20 + t**3/2 + t**2/2 + 3*t. List the prime factors of h(-2).
3
Let c(x) = x**3 + 11*x**2 + 10*x + 4. Let r be c(-10). Suppose r*n + n = 15. Suppose -n*t - 1 = -4*m, 0*m - 25 = -5*m - t. What are the prime factors of m?
2
Suppose -3*q + 6 = 24. Let m be 2/4 + (-57)/q. Suppose 2*b - w - m = w, -4*b = 5*w - 11. What are the prime factors of b?
2
Suppose -4*j + 9 + 35 = 4*u, u + 4*j + 4 = 0. What are the prime factors of u?
2
Let g(a) = a**3 + 13*a**2 - 19*a - 8. List the prime factors of g(-13).
239
Let o(k) = k**2 - 5*k - 2. Let s be o(6). Suppose -7 + s = -f. List the prime factors of f.
3
Let j = 15 - 29. List the prime factors of (-5 - -7)*j/(-4).
7
Let a(b) = -136*b**3 + 1. Let g be a(-1). Suppose g - 1 = 4*u. What are the prime factors of u?
2, 17
Suppose 0 = 2*x + 5*n + 7, 3*x + x = 3*n - 1. What are the prime factors of 9/(-3 - 0)*x?
3
What are the prime factors of (-4 + 84/(-20))*-5?
41
Let p = 7 + -13. Let z be p/33 + 136/22. Suppose i + 3*r - z = 2*i, 2*r - 8 = 0. List the prime factors of i.
2, 3
Let v(i) = i**3 - 6*i**2 - 6*i + 6. Let r = -8 + 15. Let s = 14 - r. List the prime factors of v(s).
13
Suppose 7*m - 372 = 4*m. What are the prime factors of m?
2, 31
List the prime factors of 2/(3/(-267)*-2).
89
Let m = 26 + -18. Let k be -15*1*(-16)/3. Suppose 0 = 4*j + m - k. What are the prime factors of j?
2, 3
Let m be (6 + -3)/((-2)/(-6)). Suppose z + 3*g - 12 = 0, -1 + m = 4*z + 2*g. List the prime factors of 11 - (1 + z + -2).
2, 3
Let y be -3*1*15/(-9). Suppose 0 = 6*o - 3*o + 3*b + 24, -3*o + y*b = 24. Let v(k) = -4*k - 11. List the prime factors of v(o).
3, 7
Let q(x) = -81*x**3 + 2*x**2 - 1. What are the prime factors of q(-1)?
2, 41
Suppose 3*v = v. Suppose 3*y + 30 = 2*g - y, v = 5*g - 4*y - 63. What are the prime factors of g?
11
Suppose -w + 25 = -20. What are the prime factors of w?
3, 5
Let l(t) = -t**2 - 16*t + 1. List the prime factors of l(-12).
7
Suppose -3*j - 1 = -85. Let w = j + -19. Let r = -4 + w. What are the prime factors of r?
5
Let y = -4 - -8. Let f(h) be the third derivative of h**6/120 - h**5/20 - h**4/8 + 2*h**2. What are the prime factors of f(y)?
2
Let w(x) = x - 117. Let k be w(0). Let y = 68 + k. What are the prime factors of 21/y - (-38)/7?
5
Let i = -142 + 437. List the prime factors of i.
5, 59
Suppose q = -3*q - 3460. List the prime factors of 4/14 - q/35.
5
Suppose 2*b - 127 = 45. Let f = b + -55. List the prime factors of f.
31
Suppose -3*u + 184 - 40 = 0. Suppose 0 = 2*j + 4*x - u, 0 = -j + 3*j - 3*x - 69. List the prime fa